-3)*4587/(-22)?
1
Suppose 6*v = 30 - 0. Suppose v*j = 124 + 151. What is the units digit of j?
5
Suppose -2*v - 22 = -3*p, 2*p + 5*v - 2 = -0. Let g(h) = -h**2 + 6*h - 12. Let t be g(p). Let n = t + 19. What is the units digit of n?
7
What is the hundreds digit of 780/(-90)*(-147)/2?
6
Let a(j) = -j**3 - 8*j**2 - 9*j + 14. Let s be a(-7). Let c = s - -180. What is the tens digit of c?
0
Let o be 1/(4/(-12)*-1). Suppose o*v + 0*v = -12, -5*v = 4*h - 316. Suppose 0 = 2*p - 2*w - h, p + 4*p + w - 210 = 0. What is the units digit of p?
2
What is the hundreds digit of (4992/5)/(157/785)?
9
Let f be -3*((-5 - -2) + -61). Suppose -4*k = 52 - f. Suppose 3*s - k = 4. What is the tens digit of s?
1
Let p(d) = -33*d + 1. Let m = 15 - 17. What is the units digit of p(m)?
7
Let k(t) = t - 1. Let v(q) = -11*q + 4. Let j(o) = -4*k(o) - v(o). Suppose -10*x - 2 + 12 = 0. What is the units digit of j(x)?
7
Let f = -971 - -6106. What is the units digit of f?
5
Suppose -12*x = 5 - 5. Suppose x = -0*s + 11*s - 242. What is the units digit of s?
2
Let h(v) = -65*v - 266. What is the hundreds digit of h(-26)?
4
Let q = -214 + 237. What is the units digit of q?
3
Let o be (-4)/(-14) - 2/7. Let a = -2 - -6. Suppose o = -a*x + 15 + 25. What is the units digit of x?
0
Let c = 9 + 9. Let v = 20 - c. Suppose -3*w + v*y = -0*w - 44, -4*w + 3*y + 60 = 0. What is the units digit of w?
2
Let x = 355 - 254. What is the units digit of x?
1
Suppose -2*j + 3169 = -5*j + 2*z, 2*z + 8 = 0. What is the units digit of j/(-9) - (-2)/(-3)?
7
Suppose -k + 6*k - 900 = 2*s, -3*k + 544 = -2*s. Suppose -4*d + 262 = -k. What is the tens digit of d?
1
Let u be 2*71*(-2)/(-4). Suppose 181 = 4*f - u. What is the units digit of f?
3
Let h = 1027 - 407. What is the units digit of h?
0
Let a = 2009 + -913. What is the tens digit of a?
9
Let w(d) = -8*d + 13. Suppose 24 = 11*t - 15*t. What is the tens digit of w(t)?
6
Let v = -483 - -599. What is the tens digit of v?
1
Let b(u) = -u**3 - 3*u**2 - 2. Let m be b(-2). Let q be ((-1)/(-3))/(m/(-702)). Let r = q - 5. What is the units digit of r?
4
What is the units digit of 33/(-22) - 1/2 - -60?
8
What is the hundreds digit of 4/(-26) - 644056/(-403)?
5
Let r be 1802/(-17) - (5 - 1). Let y = -57 - r. What is the units digit of y?
3
Let h(p) = 3*p**3 + 4*p - 3*p**3 - 2*p**2 - 2*p**3 - 2 + 0. Let q be h(2). What is the units digit of q*(2 + 21/(-6))?
7
Let f be 2 + 0/(-2) + 2. Suppose 0 = f*s - o - 159, 0*o - 90 = -2*s + 4*o. Let q = s + -24. What is the tens digit of q?
1
Suppose p = 2*p - 4*u - 196, -3*p = -3*u - 570. Suppose -a - 4*d = 141, 3*d - 5*d = -3*a - 395. Let t = a + p. What is the tens digit of t?
5
Let b(g) = -220*g**2 - 7*g - 23. Let i be b(-8). What is the tens digit of 4/(-34) - i/187?
7
Let k(x) = -12*x**2 - 5*x - 14 + 5*x**3 + 6 - 4*x**3 + 9*x. What is the units digit of k(12)?
0
Let k = 424 - -4. What is the units digit of k?
8
Let x = -11070 - -15524. What is the units digit of x?
4
Suppose -140*l + 45489 = -425191. What is the thousands digit of l?
3
Let j(p) be the third derivative of -p**5/60 - p**4/24 + 9*p**3/2 + 3*p**2. Let q(d) = -d + 3. Let f be q(3). What is the tens digit of j(f)?
2
What is the units digit of (-126)/63 + 1 + 1756?
5
What is the tens digit of (-24)/20*(2 + -78 + -4)?
9
Let v = 292 + -74. What is the tens digit of v?
1
Let a(x) = 7*x**3 + 2*x - 1. Let n be ((-16)/(-24))/(2/3). Let i be a(n). Suppose 100 = -3*d + i*d. What is the units digit of d?
0
Let i(y) = y**3 - 6*y**2 - 9*y + 8. Let m be i(7). Let j(x) = x**3 + 9*x**2 + 7*x + 5. What is the units digit of j(m)?
1
Suppose -327 = -3*v + z, -3*v - 2*z - 53 = -389. What is the units digit of v?
0
Let m be (3/(-18))/(4/90)*-24. What is the tens digit of (m/4)/((6/12)/1)?
4
Let w = 6149 - 4278. What is the units digit of w?
1
Let n be 0 - -2 - 205/(-5). Let w = n - 17. Let y = -12 + w. What is the units digit of y?
4
Let t be 84/15 - (-4)/10. Let g be t/(-4)*(-4)/6. Let p = g - -2. What is the units digit of p?
3
What is the hundreds digit of ((-300)/40)/((-5)/(16840/6))?
2
Let u = 39 + -35. Suppose 0 = 2*g + 2*b - 82, 44 + 99 = u*g - 3*b. What is the tens digit of g?
3
Suppose -20100 = 25*s - 40*s. What is the units digit of s?
0
Let q = -36 + 23. Let h = q - -15. What is the tens digit of 9 - (h + 3/(-1))?
1
Let l = 297 + 155. What is the units digit of l?
2
Suppose q + 99575 = 36*q. What is the hundreds digit of q?
8
Let l(y) be the third derivative of y**5/15 - y**4/8 + y**3/2 + 15*y**2. What is the tens digit of l(3)?
3
Let g(q) = -4*q - 1. Let f(m) = 16*m + 4. Let l(o) = 2*f(o) + 9*g(o). What is the tens digit of l(-13)?
5
What is the tens digit of (-869 + 448)/((-2)/(-2)*-1)?
2
Let f(h) = -24*h - 9. Let z(r) = -103*r - 35. Let q(j) = 9*f(j) - 2*z(j). Let v be 51/(-7) + (-4)/(-14). What is the units digit of q(v)?
9
Let w(f) = -2*f - 24. Let t be w(-18). What is the tens digit of 51 + (t/(-3))/(-1)?
5
Suppose -2*i - q - 1 = 0, -1 = -i + 3*q - 5. What is the units digit of 77*i*(2 - (0 + 3))?
7
Suppose -w + 169 = -3*d - 244, -5*w + 5*d = -2025. What is the hundreds digit of w?
4
Suppose 3*m - 1831 = -331. Suppose 0 = t + 3*u - 140, -3*t + 3*u + m = t. What is the tens digit of t?
2
Let b(p) = -2*p**2 + 12*p - 17. Let i be b(8). Let a = 84 - i. What is the units digit of a?
3
What is the tens digit of (63 - 64) + (2381 - 4/2)?
7
What is the thousands digit of (-12 - -1) + 6 + 3099?
3
Suppose 39*y = 32*y - 322. Let b = 16 - y. What is the units digit of b?
2
Let d(k) = -k**2 - 12*k + 13. Suppose l - 4*l = 3, -3*j - l - 40 = 0. Let z be d(j). What is the units digit of (2 + -3)*z - -6?
6
Let q = 649 - -187. What is the units digit of q?
6
Let p(b) = 22*b**3 - 6*b**2 + 3*b + 7. What is the tens digit of p(3)?
5
Suppose 22*w - 23*w + 960 = 0. What is the hundreds digit of w?
9
Let d(v) = v + 2. Let x be d(0). Suppose 7 = 6*h - 17. Suppose -10 = -x*n + h. What is the units digit of n?
7
What is the units digit of (28 + 1)/(5/25)?
5
Let h be (0 - 12/(-8))*2. Suppose -h*s + 19 = 4*w, 4*w = -2*s + 21 + 1. Suppose -n = 4*v - 56 - 37, -v + 3*n = -w. What is the tens digit of v?
2
Let d(z) = -18*z - 56. Let m be d(-5). Let n be -2*(-54)/8*2. Let w = m - n. What is the units digit of w?
7
Let v(i) = 72*i**3 + 2*i**2 - 2*i + 1. Let x be v(1). Let d = x - 59. What is the tens digit of d?
1
Let v be (-49)/35 - 4/(-10). Let h be 1/(1/7*v). Let n(b) = -b**3 - 6*b**2 + 4*b + 9. What is the units digit of n(h)?
0
Let w be 4/(-18) - 5406/(-27). Suppose n = -4*m + 3*n + w, -5*n = -m + 68. What is the tens digit of m?
4
Let k(p) = -9*p - 4. Let h be k(-2). Suppose -h = -4*r + 2*r. Let c(l) = -l**2 + 12*l - 3. What is the tens digit of c(r)?
3
Suppose 3*p - 4*p + 1 = 2*d, -3*d - 9 = 5*p. Suppose -d*t + t = -1. What is the units digit of t?
1
Let u(w) = 11*w**2 - w - 1. Let v be u(-1). Let o = v + -6. Let b(k) = -k**3 + 6*k**2 - k + 7. What is the units digit of b(o)?
7
Let d = -164 + 442. What is the units digit of d?
8
Let b be ((-82)/3)/(6/(-18)). Let o = -152 + b. What is the units digit of (-1320)/o + (-1)/(-7)?
9
Let a(v) = 3*v**2 + 45*v - 12. What is the thousands digit of a(15)?
1
Suppose -7*a + 8*a = 11. Suppose -9*n + a*n - 138 = 0. What is the tens digit of n?
6
Let n be 42/(-273) - 1304/(-26). Let y = n - -52. What is the hundreds digit of y?
1
Let s = 27 + -27. Let a be s - (-2 - (-3 + 1)). Suppose a = 4*g - 25 - 7. What is the units digit of g?
8
Suppose s - 1175 = 1390. What is the thousands digit of s?
2
Suppose -g + 5 = -6*g. What is the units digit of g/(-5) + (-656)/(-20)?
3
Let q(m) = -3*m + 2. Let c be q(-1). Suppose 0 = -3*d - 0*d - 2*g + 371, -c*d - 5*g = -620. What is the hundreds digit of d?
1
Let n be 2/4 - 76/(-8). Let y = 10 - n. Suppose d + 5*l - 1 - 42 = y, 118 = 3*d + 4*l. What is the tens digit of d?
3
Suppose -5 + 2 = 3*q. What is the tens digit of 3 - (q - 1 - 2178/9)?
4
What is the units digit of 96054/112 - (-9)/24?
8
Let a = 89 + -64. What is the units digit of 735/a + 4/(-10)?
9
Let l(d) = -26*d + 36*d + 2 + d**2 - 5 + 0*d**2. What is the units digit of l(-12)?
1
Suppose -2*k + 3562 = 4*h, -13*h = -12*h + 4*k - 873. What is the tens digit of h?
9
Let j(t) = t**2 + 10*t + 19. Let w be j(-8). What is the units digit of 1792/6 - (w + (-26)/